of 2432?
2
What is the units digit of 14900?
0
What is the tens digit of 5921?
2
What is the tens digit of 493?
9
What is the units digit of 5063?
3
What is the tens digit of 141835?
3
What is the thousands digit of 42607?
2
What is the hundred thousands digit of 114449?
1
What is the tens digit of 2875?
7
What is the ten thousands digit of 65838?
6
What is the hundreds digit of 18810?
8
What is the thousands digit of 4523?
4
What is the units digit of 12762?
2
What is the hundreds digit of 1656?
6
What is the tens digit of 203?
0
What is the hundreds digit of 2950?
9
What is the thousands digit of 1580?
1
What is the thousands digit of 8914?
8
What is the thousands digit of 2517?
2
What is the units digit of 9345?
5
What is the thousands digit of 27104?
7
What is the tens digit of 4414?
1
What is the tens digit of 999?
9
What is the units digit of 948?
8
What is the units digit of 760?
0
What is the units digit of 2894?
4
What is the hundreds digit of 974?
9
What is the thousands digit of 2469?
2
What is the hundreds digit of 1618?
6
What is the tens digit of 76426?
2
What is the tens digit of 3525?
2
What is the ten thousands digit of 176049?
7
What is the tens digit of 3048?
4
What is the thousands digit of 4490?
4
What is the units digit of 917?
7
What is the hundreds digit of 150?
1
What is the hundreds digit of 20192?
1
What is the units digit of 58342?
2
What is the tens digit of 614?
1
What is the hundreds digit of 2418?
4
What is the hundreds digit of 11122?
1
What is the units digit of 1889?
9
What is the ten thousands digit of 10182?
1
What is the hundreds digit of 7502?
5
What is the hundreds digit of 2847?
8
What is the ten thousands digit of 62044?
6
What is the thousands digit of 1214?
1
What is the tens digit of 93?
9
What is the tens digit of 6526?
2
What is the ten thousands digit of 39440?
3
What is the hundreds digit of 475?
4
What is the ten thousands digit of 14579?
1
What is the ten thousands digit of 22341?
2
What is the tens digit of 992?
9
What is the units digit of 3277?
7
What is the thousands digit of 25844?
5
What is the tens digit of 18246?
4
What is the thousands digit of 27153?
7
What is the thousands digit of 7729?
7
What is the thousands digit of 97533?
7
What is the thousands digit of 28851?
8
What is the tens digit of 12656?
5
What is the hundreds digit of 195379?
3
What is the hundreds digit of 1394?
3
What is the units digit of 24?
4
What is the tens digit of 669?
6
What is the units digit of 445?
5
What is the thousands digit of 4092?
4
What is the hundreds digit of 62839?
8
What is the ten thousands digit of 11467?
1
What is the hundreds digit of 26265?
2
What is the tens digit of 7221?
2
What is the hundreds digit of 5209?
2
What is the ten thousands digit of 24458?
2
What is the thousands digit of 43809?
3
What is the tens digit of 1069?
6
What is the thousands digit of 1943?
1
What is the units digit of 363?
3
What is the hundreds digit of 565?
5
What is the units digit of 1652?
2
What is the units digit of 58314?
4
What is the tens digit of 804?
0
What is the tens digit of 22009?
0
What is the units digit of 78331?
1
What is the tens digit of 2209?
0
What is the tens digit of 1076?
7
What is the tens digit of 11897?
9
What is the ten thousands digit of 39642?
3
What is the ten thousands digit of 162477?
6
What is the thousands digit of 12748?
2
What is the hundreds digit of 629?
6
What is the thousands digit of 35381?
5
What is the hundreds digit of 64212?
2
What is the units digit of 43948?
8
What is the units digit of 86?
6
What is the hundreds digit of 443?
4
What is the hundreds digit of 9918?
9
What is the hundreds digit of 7004?
0
What is the units digit of 12397?
7
What is the hundreds digit of 741?
7
What is the tens digit of 205?
0
What is the tens digit of 95?
9
What is the hundreds digit of 8464?
4
What is the tens digit of 8549?
4
What is the thousands digit of 37493?
7
What is the units digit of 8699?
9
What is the units digit of 14236?
6
What is the hundreds digit of 2835?
8
What is the hundreds digit of 95756?
7
What is the hundred thousands digit of 139191?
1
What is the tens digit of 516?
1
What is the ten thousands digit of 23123?
2
What is the units digit of 9285?
5
What is the tens digit of 44500?
0
What is the hundreds digit of 3509?
5
What is the thousands digit of 1849?
1
What is the units digit of 8262?
2
What is the thousands digit of 4414?
4
What is the ten thousands digit of 16822?
1
What is the thousands digit of 29784?
9
What is the hundreds digit of 27970?
9
What is the units digit of 92307?
7
What is the thousands digit of 1473?
1
What is the units digit of 10591?
1
What is the tens digit of 402?
0
What is the units digit of 11903?
3
What is the thousands digit of 1604?
1
What is the tens digit of 4286?
8
What is the ten thousands digit of 16671?
1
What is the thousands digit of 19145?
9
What is the units digit of 3701?
1
What is the units digit of 5145?
5
What is the hundreds digit of 13634?
6
What is the tens digit of 9079?
7
What is the tens digit of 503?
0
What is the thousands digit of 5833?
5
What is the hundreds digit of 8476?
4
What is the ten thousands digit of 17340?
1
What is the units digit of 405?
5
What is the units digit of 107740?
0
What is the thousands digit of 66963?
6
What is the hundreds digit of 4708?
7
What is the ten thousands digit of 18688?
1
What is the tens digit of 3067?
6
What is the tens digit of 951?
5
What is the tens digit of 118?
1
What is the units digit of 1076?
6
What is the units digit of 83115?
5
What is the hundreds digit of 615?
6
What is the tens digit of 63563?
6
What is the thousands digit of 2378?
2
What is the units digit of 3633?
3
What is the tens digit of 1019?
1
What is the units digit of 172?
2
What is the units digit of 9681?
1
What is the units digit of 2898?
8
What is the thousands digit of 11921?
1
What is the tens digit of 47778?
7
What is the thousands digit of 1769?
1
What is the ten thousands digit of 36021?
3
What is the ten thousands digit of 17351?
1
What is the tens digit of 20783?
8
What is the thousands digit of 6058?
6
What is the hundreds digit of 380?
3
What is the thousands digit of 14653?
4
What is the ten thousands digit of 19185?
1
What is the thousands digit of 1658?
1
What is the thousands digit of 5415?
5
What is the units digit of 5850?
0
What is the tens digit of 352?
5
What is the units digit of 131?
1
What is the units digit of 7070?
0
What is the units digit of 104344?
4
What is the units digit of 2830?
0
What is the hundreds digit of 41707?
7
What is the tens digit of 32480?
8
What is the thousands digit of 7978?
7
What is the thousands digit of 2303?
2
What is the thousands digit of 60209?
0
What is the thousands digit of 4061?
4
What is the hundreds digit of 25727?
7
What is the hundreds digit of 1195?
1
What is the units digit of 1765?
5
What is the hundred thousands digit of 127318?
1
What is the hundred thousands digit of 103605?
1
What is the tens digit of 443?
4
What is the hundreds digit of 36091?
0
What is the tens digit of 732?
3
What is the thousands digit of 30875?
0
What is the ten thousands digit of 109806?
0
What is the ten thousands digit of 35595?
3
What is the tens digit of 7037?
3
What is the tens digit of 29?
2
What is the tens digit of 168801?
0
What is the ten thousands digit of 72232?
7
What is the hundreds digit of 620?
6
What is the tens digit of 7718?
1
What is the hundreds digit of 2206?
2
What is the hundreds digit of 1458?
4
What is the hundreds digit of 238?
2
What is the ten thousands digit of 19896?
1
What is the tens digit of 284?
8
What is the hundreds digit of 1220?
2
What is the hundreds digit of 172592?
5
What is the units digit of 22583?
3
What is the units digit of 11063?
3
What is the hundreds digit of 1512?
5
What is the tens digit of 30?
3
What is the tens digit of 415?
1
What is the tens digit of 28196?
9
What is the units digit of 124365?
5
What is the units digit of 2546?
6
What is the units digit of 606?
6
What is the units digit of 252?
2
What is the thousands digit of 17895?
7
What is the hundreds digit of 2842?
8
What is the hundreds digit of 3767?
7
What is the tens digit of 53717?
1
What is the thousands digit of 36911?
6
What is the